t o = 5 - 0. Suppose -j = 5*a - 48 - 12, 2*a = 0. Suppose -2*w + j = -o*r, -2*w = -4*r - 13 - 43. Calculate the greatest common factor of w and 30.
10
Let s = -1 - -3. Suppose -10 = 4*w - s. Let k be -9*1*w - -2. What is the greatest common factor of 80 and k?
20
Suppose 0 = 5*f + 22 + 3. Let r(c) = -13*c + 12. Let o be r(f). What is the highest common factor of o and 7?
7
Suppose 5*o = 4*b - 57, -b + 2*o = -0*b - 12. Suppose 0*p + 3*p = b. Suppose 0 = -p*x + x + 45. Calculate the highest common factor of 1 and x.
1
Suppose -45*z + 49*z - 64 = 0. Calculate the highest common factor of 8 and z.
8
Let d be 0 + (-2)/(-4)*-4. Let b = 10 + d. Calculate the greatest common divisor of b and 8.
8
Let h(v) = -v**3 + 6*v**2 + 3. Let a be h(6). Let w(q) = -q**3 - 2*q**2 + 8*q - 20. Let k be w(-5). Calculate the highest common divisor of k and a.
3
Let n = 176 + -44. Suppose -3*j = -6*j + 36. What is the greatest common divisor of j and n?
12
Let x(n) be the second derivative of n**5/20 - n**4/6 - n**3/3 + n**2/2 + 2*n. Let m be x(3). What is the highest common divisor of m and 16?
4
Let t be -16 - -24 - (0 + 0). What is the greatest common factor of 8 and t?
8
Let i be -35*(0 - (-18)/(-21)). Calculate the highest common divisor of i and 75.
15
Let f(o) = o**2 - 15*o + 5. Let p be f(15). What is the greatest common divisor of 1 and p?
1
Let g(d) = 22*d. Let r be g(1). Let t be (4 - 1)*(-12)/9. Let i be 11*(2 - (3 + t)). Calculate the highest common divisor of r and i.
11
Suppose -m + 3*k + 314 = 0, 125 = 2*m + 3*k - 485. What is the greatest common divisor of m and 28?
28
Suppose 2*v = -144 + 180. Calculate the greatest common divisor of 45 and v.
9
Let c(s) = -4*s + 2. Let r be c(-4). Let x be (-858)/(-4)*12/r. Calculate the highest common divisor of x and 13.
13
Let l be (-4904)/(-36) + 4/(-18). Suppose -20 = -4*s - l. Let p = 1 - s. Calculate the greatest common divisor of p and 6.
6
Let w(d) = -d**3 + 4*d**2 + 5*d - 5. Let g be w(5). Let n = 4 - g. Calculate the greatest common divisor of n and 27.
9
Let n be -5*1*(-44)/20. Suppose 145 = 2*k - 9. Calculate the highest common divisor of k and n.
11
Suppose 5*g + 2*a + a = -173, 5*a - 20 = 0. Let j be 3 - 3/(12/56). Let p = j - g. Calculate the highest common factor of 13 and p.
13
Let w(t) = -2*t + 5. Let f be w(-4). Suppose 5*q + 3 = b, 0 = q + 2*b + 1 - 7. Suppose -n + q*n = -104. What is the highest common factor of n and f?
13
Suppose 0 = 3*t + 12, -3*t + 9 = -4*i + 5. Let b = i - -5. Let k be (-3)/2*-2*b. Calculate the highest common divisor of 27 and k.
3
Suppose f + 6*m - 5*m = 28, -5*m + 44 = 2*f. Let s be (2 - 2) + 0 + 2. Suppose s*n - n - 4 = 0. Calculate the highest common divisor of f and n.
4
Let m = -1 + 61. What is the greatest common divisor of 40 and m?
20
Suppose -2*z + 5*z + 2*c + 1 = 0, 14 = 4*z - 5*c. Let v be -12*(z + 9/(-6)). Let h = v - 2. What is the highest common divisor of 1 and h?
1
Let d(m) = m**2 - 10. Let y be d(6). What is the greatest common factor of 208 and y?
26
Let s be 16/2 - (-5)/((-20)/8). Let r(l) = -3 + 3*l - 3*l - 3*l. Let o be r(-2). Calculate the highest common factor of s and o.
3
Suppose -4*q = -4*p + 8, -6*q + q - 4*p + 17 = 0. Calculate the greatest common divisor of q and 9.
1
Suppose -4*g - 4*b - 134 = -382, -3*g + 200 = -4*b. Let s be (9/(-4))/((-12)/g). Let r = -9 + 17. What is the highest common divisor of r and s?
4
Let d = 86 + -38. What is the greatest common factor of 6 and d?
6
Let j = 17 - 7. Let z(l) = -l**3 + l + 93. Let k be z(0). Suppose 3*g = k + 117. What is the greatest common factor of g and j?
10
Let u(r) = r**3 + r**2 + 1. Let m be u(2). Calculate the greatest common factor of 143 and m.
13
Suppose 0*t + 5*l = -4*t + 108, -4*l = 2*t - 48. Let g(q) = -3*q + q + 1 + 15*q**2 + 2*q. Let p be g(1). Calculate the greatest common divisor of t and p.
16
Let r(c) = c**3 + 9*c**2 + c + 11. Let o be r(-9). Suppose -w - 64 = -o*w - s, s + 320 = 5*w. Calculate the highest common divisor of w and 16.
16
Let c be 1*(-2)/2 + 14. Let h be 66/(-11)*26/(-12). What is the highest common factor of h and c?
13
Suppose x + 3*x = 32. Suppose 9*a - 200 = 4*a. Calculate the greatest common divisor of a and x.
8
Suppose u + 25 = -5*i - 1, 3*u + 8 = -i. Let s = 4 + u. Suppose -k + 253 = 5*f, -k = f - s*f + 97. Calculate the greatest common factor of 20 and f.
10
Let z = 53 - 33. Suppose -6*c + 46 + 14 = 0. Calculate the greatest common factor of c and z.
10
Let i(p) = 4*p**2. Let q = 0 + -2. Let m be i(q). Calculate the highest common factor of 16 and m.
16
Let b = 17 - 13. What is the greatest common factor of 16 and b?
4
Suppose -x - 5*q - 19 = 0, 5*q + 23 = 3*x - 0*x. Let c = 35 - x. Calculate the greatest common factor of c and 51.
17
Let h(n) = 9*n**2 + 3*n + 5. Let b be h(-2). What is the greatest common factor of 7 and b?
7
Let h(r) = -3*r**2 - 19*r - 11. Let p be h(-5). Let w be (-1054)/8 - (-3)/(-12). Let m = -60 - w. What is the highest common factor of m and p?
9
Suppose 0*z = z + 5. Let d(l) = -7*l + 5. Let u be d(z). Let w be 110/(-33)*3/(-2). Calculate the greatest common divisor of w and u.
5
Let u = -86 + 103. Calculate the highest common factor of 323 and u.
17
Let m(r) = -r**2 - 6*r - 2. Let q be m(-5). Suppose -50 = -q*y - 8. Suppose 0 = -n + 3*n - y. What is the highest common factor of 1 and n?
1
Let d(j) = -j**3 - 6*j**2 + 4*j. Let r be d(-9). Suppose -2*f = -5*a - f + 118, -a + 2*f + 29 = 0. What is the highest common factor of a and r?
23
Suppose 3*l - 234 = -4*j, -j + 3*j = 5*l + 130. What is the greatest common factor of 12 and j?
12
Let d(s) = -s**2 - 7*s + 15*s + 3*s + 2*s. Let c be d(12). Calculate the greatest common factor of c and 24.
12
Suppose -78 = -2*w - 204. Let j = w + 283. Calculate the highest common divisor of 20 and j.
20
Let o(l) = -l**3 - l**2 - 4*l - 6. Let p be o(-3). Calculate the highest common factor of p and 40.
8
Suppose -4*l + 105 = 5*y, 0*y - 2*l = -2*y + 60. Calculate the greatest common divisor of 50 and y.
25
Suppose 2*j = d - 6*d + 69, -4*d = -j + 15. Calculate the highest common divisor of 27 and j.
27
Let i be (-1)/(-3) - (-116)/12. What is the highest common factor of 50 and i?
10
Suppose -3*o - 18 = o - 2*g, 5*g = -5*o. Let l(q) = -7*q + 5. Let b be l(o). What is the greatest common factor of b and 78?
26
Suppose w - 3*w = -a + 9, 0 = 2*w + 8. Let o be (0 + 5)*(2 - a). Suppose -o*i + 2*j + 66 = 18, -5*j - 5 = -i. Calculate the highest common divisor of i and 110.
10
Let u be 417/6 + (-3)/(-6). Calculate the highest common divisor of 14 and u.
14
Let g(l) = 9*l - 2. Let a be g(2). Let y(t) = t**3 - 4*t**2 + 5*t - 2. Let b be y(3). Suppose p - a = b. Calculate the highest common divisor of 8 and p.
4
Suppose -6 = -0*h - 2*h. Suppose h*v - 4 = 14. Calculate the greatest common divisor of v and 18.
6
Let y = 8 + 6. What is the highest common factor of 56 and y?
14
Suppose 52*p - 12 = 51*p. What is the greatest common factor of 108 and p?
12
Suppose 5*x + 2*i - 126 = -i, x = i + 22. Calculate the greatest common factor of 6 and x.
6
Suppose 1 = 5*f + 6, 0 = n + 4*f. Suppose y - 1045 = -n*y. What is the greatest common factor of 19 and y?
19
Let k(l) = l**3 - l**2 - l + 12. Let r be k(0). Let c be (2/5)/(((-4)/(-1))/60). Calculate the highest common factor of c and r.
6
Suppose -1 = 2*w - 11. Suppose 0 = -3*i + w*k + 51, -2*k + k = 0. Suppose -j = 4*j - b - 19, 3*j + 5*b - i = 0. What is the highest common factor of j and 8?
4
Let q = -19 + 23. Calculate the greatest common divisor of q and 6.
2
Suppose 0 = -4*h - 2*u + 42, -h - u + 4*u = -28. Calculate the highest common factor of h and 130.
13
Let n = 11 - 8. Let c(g) = 54*g**2 + 2*g - 2. Let j be c(n). Suppose -3*f - 3*i = -456, 2*i - j = -4*f + 120. What is the highest common factor of 17 and f?
17
Let r be 1/(-2)*(-15 - -1). Let f = -6 + 10. Suppose 14 = f*d - 2*d. Calculate the greatest common divisor of d and r.
7
Let n = 72 + -6. What is the greatest common divisor of 88 and n?
22
Suppose -4*v - 64 + 424 = 0. What is the highest common divisor of 36 and v?
18
Suppose -2*l + 4*x = -176, 3*l + 0*x - 5*x - 264 = 0. What is the greatest common factor of l and 11?
11
Suppose -3*o - 4*h = -262, 0 = -3*o - 2*h + h + 268. What is the highest common fa